 -2*u - 8 = -s. Let b(x) = -x**3 - 5*x**2 - 4*x - 2. Give b(u).
-2
Let u be 4 + (-340)/55 - (192/(-88) - -2). Let m(g) = 4*g - 5*g + 0*g. Calculate m(u).
2
Let p(q) = -q + 2. Let c = 26 - 17. Let x be (-3 - 0/4) + c. What is p(x)?
-4
Let n = 2438 + -2435. Let a(k) = k**2 + 10. What is a(n)?
19
Let k(s) = -s**3 + 3*s**2 - 2*s - 5. Let y(p) = p**3 - 2*p**2 + 3*p + 4. Let x(v) = 3*k(v) + 2*y(v). Suppose b + 16 + 14 = 0. Let g = -25 - b. Calculate x(g).
-7
Let g(i) be the second derivative of -i**5/20 - 13*i**4/12 - 35*i**3/6 + 9*i**2/2 - i + 422. What is g(-9)?
0
Let j(x) = 2*x**2 - x + 1. Let w(r) = -2*r**2 + 2*r - 4. Let h(c) = 4*j(c) + w(c). What is h(2)?
20
Let o(u) be the second derivative of u**4/8 + u**3/2 + 11*u**2/2 - 5*u. Let q(s) be the first derivative of o(s). Let f = -6 + 4. Give q(f).
-3
Let m = 311 - 307. Let o(i) = 4*i. What is o(m)?
16
Let u(i) = i. Suppose 0 = -3*b + 3*v - 3, b + 3*v - 1 = 6. Let y(f) = -2*f - 3. Let t(n) = b*y(n) + 3*u(n). Calculate t(-5).
-8
Suppose 15 = 3*x + 2*x. Let k(i) = -2*i + 0*i - 1 + i + 2*i. Let y(l) = -l + 1. Let c(s) = k(s) - 2*y(s). Calculate c(x).
6
Let n(j) = -65*j - 65*j + 190*j - 66*j + 7. What is n(4)?
-17
Suppose l - 24 = 7*l. Let x(d) be the second derivative of -d**4/12 - d**3 - 3*d**2/2 + 6*d. Calculate x(l).
5
Let p(v) be the first derivative of v**5/20 + v**4/8 + 31*v**2/2 + 4. Let x(k) be the second derivative of p(k). Give x(-2).
6
Suppose -9*v + 104 = -13*v. Let w = -26 - v. Suppose -c - c - 6 = w. Let s(p) = -p**3 - p**2 + 5*p + 4. What is s(c)?
7
Let o(d) = -4*d**2 + 3*d + 3. Suppose 20*t = -5*t - 50. Calculate o(t).
-19
Let k = 15 + -10. Let f(u) be the first derivative of u**2 - 6*u + 4. Determine f(k).
4
Let k = 5 + -8. Let a(j) = 6*j**3 + 5*j + 4. Let n(d) = 5*d**3 + 4*d + 3. Let v(x) = k*a(x) + 4*n(x). Let t be (-14)/10 - 4/(-10). What is v(t)?
-3
Let l(s) = -s**3 + 6*s**2 - 2*s + 6. Let z = -1753 - -1759. What is l(z)?
-6
Let m be (10/(-5) + -1)*-2. Let f(d) be the first derivative of 5/3*d**3 - 11 - 3*d + 3*d**2 - 1/4*d**4. What is f(m)?
-3
Let r(c) be the first derivative of 15 - 7/2*c**2 - 1/3*c**3 + 0*c. Suppose j = -0 - 6. Give r(j).
6
Let m(s) = -s + 2. Let b be m(6). Let r(a) = a**2. Let y(f) = -5*f**2 - f + 5. Let d(p) = 4*r(p) + y(p). Calculate d(b).
-7
Let f be ((-2)/4)/((-1)/4). Let c = 161 + -150. Let w(v) = c*v - 2 + 10*v - 21*v + 2*v**f. Give w(2).
6
Let f(a) = -2*a**2 - 6*a**2 - 9 + 8 + a**3 + 0. Let p = 5 + 15. Let d = p - 12. Calculate f(d).
-1
Let v(h) = h**2 + 2*h. Let y be 2/(-8) + (-13)/(-4). Suppose 0 = 3*s - 6*s. Suppose l = -s - y. Calculate v(l).
3
Let k(x) = 6*x**3 + 8*x**2 + 3*x - 3. Let w(l) be the first derivative of -7 + 4*l - 5/4*l**4 - 8/3*l**3 - l**2. Let h(z) = -6*k(z) - 7*w(z). Calculate h(7).
11
Let c(r) = 134*r - 9. Let x(u) = -16*u + 1. Let b(q) = 2*c(q) + 17*x(q). Let p be -1 + -1 - (0 + -1). Determine b(p).
3
Let d(u) = -1 + 0 - 89*u + 91*u - 3. Calculate d(-3).
-10
Let s = 249 + -18. Let q(o) = -116*o - 122*o + 5 + s*o + o**2. Give q(7).
5
Let i(w) = w**2 + 8. Suppose 4 + 16 = 5*n - 5*c, 4*n - 2*c = 12. Suppose 0 = n*a - 7*a. Determine i(a).
8
Let b(i) = -6*i**2 + 1 + 5*i + 0*i**3 + i**3 + 0*i**3. Let o = -6 - -12. Suppose 4*a + o = -2*n, -2*n - 4*a - 21 = -3*n. Give b(n).
1
Let z(u) be the second derivative of -u**4/12 - u**3/3 + 7*u**2 - 1011*u. Calculate z(0).
14
Let g(t) = -7*t**2 + t. Suppose 3*y - 4 = 2. Suppose 0*h + 2 = -y*h. Give g(h).
-8
Let p(a) = a + 2. Let l be p(0). Let s(t) = 2*t**2 - 53*t + 101*t - 51*t. Give s(l).
2
Suppose 13*b + 12 = 16*b. Suppose 2*a + 0 = 4*d - 2, b*d = a + 1. Let x(r) = 4*r**2 - 1. Give x(a).
3
Suppose -p - 5*x + 7 = -1, p = -4*x + 7. Let q(a) be the second derivative of 0*a**2 + 0 + a**3 - p*a + 1/12*a**4. What is q(-6)?
0
Let k(g) be the second derivative of -2/3*g**4 - 31*g - 5*g**2 + 0 - 1/20*g**5 - 11/6*g**3. Give k(-7).
18
Let u(l) = -l - 12. Let w be u(-9). Let r(t) = 5*t - 2. Determine r(w).
-17
Let k = -695 - -687. Let v(n) = -n**2 - 9*n - 11. Determine v(k).
-3
Let p(a) = a**2 - a. Let d(f) = -5*f**2 + 3*f - 18. Let q(j) = -d(j) - 6*p(j). Let m be q(5). Let b(h) = -h**2 + 7*h - 2. What is b(m)?
-10
Let x be 12*(-30)/(-40) + (4 - 3). Let h(i) = -i**2 + 8*i - 5. Calculate h(x).
-25
Let p be (4 + -2)*(-52)/104. Let t(g) = g - 3. Calculate t(p).
-4
Let w(i) = -6*i + 32. Let r(c) = 4*c - 22. Let d(p) = -7*r(p) - 5*w(p). Let z be (-2 + 4)*5/2. Suppose 11 + 9 = z*l. Give d(l).
2
Let m = 922 + -925. Let z(k) = -9*k - 5. What is z(m)?
22
Suppose 197*t - 213 + 315 = -292. Let y(l) be the second derivative of l**4/6 + l**3/2 + l**2/2 + l. Calculate y(t).
3
Let y(s) = 2*s + 30. Let f be (25 - -1)*(-68)/136. Calculate y(f).
4
Let s = -4 - -12. Let v(i) = 6*i**2 - 4*i - 3 + s*i**2 - 18*i**2 - 3*i**3. Calculate v(-2).
13
Let n(o) = -o**3 + 4*o**2 + 6*o - 1. Suppose -2*a + 4*t - 9 = 9, -3*t + 6 = 0. Let v be (-2 - 6)*a/8. Calculate n(v).
4
Suppose -11*a + 130 = -6*a. Let u be a/(-195) + 77/15. Let c(l) = -l**3 + 6*l**2 - 4*l - 7. Give c(u).
-2
Let s(a) = 7*a**3 - a**2 - 7*a + 10. Let f(w) = -4*w**3 + 3*w - 5. Let l(j) = -5*f(j) - 3*s(j). Suppose -1 = n + 2*v + 1, -4*n - 5*v + 1 = 0. What is l(n)?
3
Suppose 0 = 4*n - 4, -3*l + 3*n - 3 = -9. Let b(z) = 0*z + z + z + 4*z**2 - l*z**2 + 4. Give b(-3).
7
Let t(x) = -x. Suppose -5*h - 44 = -h. Let v = -10 - h. Let y = 1 + v. Calculate t(y).
-2
Let g(w) = w**3 - 10*w**2 + 8*w + 15. Let m = -12 + 21. Let y be g(m). Let q(r) = -r**2 + 7*r - 9. Calculate q(y).
-3
Let c be (-7)/(-1) - (-15 - -24). Let b(g) = g**3 + 4*g**2 + 4*g + 2. Give b(c).
2
Let s(h) = -h**2 - 5*h - 6. Let q be -1 + 2 + 0/(-6). Let j = q + 1. Suppose 1 = -j*y - 0*f + 3*f, -12 = 3*y - f. Determine s(y).
-6
Let l(u) = u**2 - u. Let q(v) = -v**3 + 6*v**2 + 11. Let b(f) = -2*l(f) - q(f). Let g = 47 - 14. Let n be g/4 + ((-330)/40 - -8). Give b(n).
5
Let o(z) = -z**3 + 2*z**2 + 2*z + 13. Let n be o(4). Let b(k) = k + 7. Let d be b(n). Let y(u) = u**3 + u**2 + 2 + 3*u**2 + 3*u**2 - 3*u**2. Calculate y(d).
2
Suppose 0 = -z - 0*z. Suppose z = -29*w + 24*w. Let r(m) = m - 3. What is r(w)?
-3
Let p(n) be the third derivative of n**5/120 + n**4/12 + n**3/6 - n**2. Let z(x) be the first derivative of p(x). Suppose -o + 1 = 4. What is z(o)?
-1
Let r(b) be the third derivative of -b**6/120 - b**5/60 - b**4/24 + 25*b**3/3 + 184*b**2. Determine r(0).
50
Suppose 9 = -5*w + 14. Let s(x) = -x**2 - x. What is s(w)?
-2
Let r(h) = -4424*h + 4419*h + 1 + 0*h**2 - h**2. Give r(-4).
5
Let o(s) be the first derivative of s**4/4 + 5*s**3/3 + 3*s**2/2 + 7*s + 418. Let k(p) = 4*p - 1. Let n be k(-1). Give o(n).
-8
Suppose -15 = 3*q + 15. Let x be (q/(-4) - 4)*2. Let w(u) = 2*u**3 + 5*u**2 + 2*u - 1. Calculate w(x).
-16
Let w(x) = x**2 - 6*x - 2. Let l be w(6). Let g(y) = 11*y + 4. Let k(u) = 3*u + 1. Let s(i) = -2*g(i) + 7*k(i). What is s(l)?
1
Suppose 4*a - 264 + 252 = 0. Let q(d) = d**3 - 2*d**2 + d - 2. Determine q(a).
10
Let b(z) be the third derivative of z**5/60 - 5*z**4/24 - 2*z**3/3 - 177*z**2. Calculate b(7).
10
Let r(w) be the first derivative of w**3/3 - 11*w**2/2 + 15*w - 605. Determine r(7).
-13
Suppose -2*h + 5*o - 5 - 4 = 0, o - 6 = h. Let x(n) = -n**3 - 8*n**2 - n + 51. Give x(h).
9
Let r(s) = -18*s**2 + 25*s + 14. Let q(h) = -8*h**2 + 13*h + 7. Let c(u) = 7*q(u) - 3*r(u). Calculate c(8).
7
Let d(a) = 2*a - 3. Let k(n) = 3*n - 2. Let q(y) = -y**3 + 3*y**2 + 1. Let i be q(3). Let f be k(i). Let w = 1 + f. Calculate d(w).
1
Let y(d) = -6*d**2 - d. Let c = -46 - -50. Suppose 4*x = 4*p + p - 13, 5*p + 3 = -c*x. Give y(p).
-7
Let j(z) = 8*z**3 - 4*z**2 - z - 3. Suppose 3*f = -0*o + 2*o + 16, -3*f + 4*o = -14. Let b(i) = 7*i**3 - 3*i**2 - i - 2. Let h(d) = f*j(d) - 7*b(d). Give h(-4).
8
Let l(y) = -11*y**2 - 2. Let o(b) = -13*b**2 + b - 2. Let v(k) = 5*l(k) - 4*o(k). What is v(-4)?
-34
Suppose 2*u - 2 = -2*y, y = -3 + 7. Suppose -3*a = 4*h + h, -a + 17 = -4*h. Let x(q) = q**2 + a*q + q**2 + 10 - 6. Determine x(u).
7
Let w(q) = -3*q - 4. Let l be w(-8). Let b(s) = s**3 - 14*s**2 - 18*s + 22. Let p be b(15). Let t = l + p. Let x(u) = -4*u - 4. What is x(t)?
8
Let y(c) be the first derivative of -c**5/120 - c**4/8 + 2*c**3/3 + 3. Let r(i) be the third derivative of y(i). Let h = -111 + 109. Calculate r(h).
-1
